its digit of 3628058706?
6
What is the ten thousands digit of 18310752?
1
What is the tens digit of 450268643?
4
What is the thousands digit of 140468454?
8
What is the hundred millions digit of 836969509?
8
What is the hundreds digit of 2602677307?
3
What is the hundred thousands digit of 41412634?
4
What is the thousands digit of 568590031?
0
What is the thousands digit of 1314348743?
8
What is the ten millions digit of 1177447200?
7
What is the hundred thousands digit of 201030882?
0
What is the hundreds digit of 31702462?
4
What is the tens digit of 1305347151?
5
What is the millions digit of 62394581?
2
What is the tens digit of 12496182?
8
What is the hundred millions digit of 102364048?
1
What is the ten millions digit of 312432675?
1
What is the ten millions digit of 31160637?
3
What is the hundreds digit of 68927478?
4
What is the tens digit of 91831130?
3
What is the tens digit of 147800137?
3
What is the hundred thousands digit of 64022401?
0
What is the hundred millions digit of 124300161?
1
What is the millions digit of 82431849?
2
What is the thousands digit of 898840213?
0
What is the millions digit of 48167069?
8
What is the hundreds digit of 1140835278?
2
What is the hundred thousands digit of 290329385?
3
What is the ten thousands digit of 11123107?
2
What is the millions digit of 1897033834?
7
What is the thousands digit of 42094311?
4
What is the thousands digit of 659730594?
0
What is the thousands digit of 1140801408?
1
What is the tens digit of 30786994?
9
What is the hundred thousands digit of 8626896904?
8
What is the hundred thousands digit of 975753483?
7
What is the units digit of 550097?
7
What is the ten millions digit of 972875130?
7
What is the hundreds digit of 115474287?
2
What is the thousands digit of 520218956?
8
What is the thousands digit of 314559514?
9
What is the ten millions digit of 133583316?
3
What is the millions digit of 739856353?
9
What is the hundreds digit of 2138977103?
1
What is the millions digit of 90816600?
0
What is the units digit of 49292488?
8
What is the ten millions digit of 11072509?
1
What is the hundreds digit of 46901369?
3
What is the ten thousands digit of 51990832?
9
What is the ten thousands digit of 168125795?
2
What is the millions digit of 203662103?
3
What is the hundreds digit of 85644880?
8
What is the hundreds digit of 133757596?
5
What is the hundred millions digit of 140808704?
1
What is the ten thousands digit of 20770226?
7
What is the millions digit of 83631693?
3
What is the ten millions digit of 22643787?
2
What is the hundreds digit of 32861545?
5
What is the tens digit of 127934860?
6
What is the hundreds digit of 60978169?
1
What is the thousands digit of 56074982?
4
What is the hundreds digit of 115927818?
8
What is the ten millions digit of 117558334?
1
What is the ten millions digit of 1006122498?
0
What is the ten millions digit of 174980531?
7
What is the tens digit of 20731428?
2
What is the millions digit of 31317689?
1
What is the tens digit of 602241731?
3
What is the tens digit of 125138395?
9
What is the tens digit of 1072149086?
8
What is the ten millions digit of 30319802?
3
What is the tens digit of 1196539761?
6
What is the hundred thousands digit of 43434073?
4
What is the ten millions digit of 1941019342?
4
What is the tens digit of 1151929203?
0
What is the hundred thousands digit of 5446776996?
7
What is the hundreds digit of 50468059?
0
What is the thousands digit of 93216294?
6
What is the hundred thousands digit of 1339622817?
6
What is the tens digit of 30734920?
2
What is the ten thousands digit of 3745911403?
1
What is the ten millions digit of 73817848?
7
What is the millions digit of 16273390?
6
What is the hundred thousands digit of 67949794?
9
What is the ten thousands digit of 1148986341?
8
What is the hundreds digit of 220518204?
2
What is the hundreds digit of 71534176?
1
What is the hundred thousands digit of 42250534?
2
What is the tens digit of 3923679878?
7
What is the ten thousands digit of 1644618626?
1
What is the tens digit of 728404412?
1
What is the hundred millions digit of 183504955?
1
What is the units digit of 64143487?
7
What is the tens digit of 508049829?
2
What is the tens digit of 299255612?
1
What is the ten thousands digit of 382235106?
3
What is the hundreds digit of 334128660?
6
What is the millions digit of 344131269?
4
What is the hundred millions digit of 101417579?
1
What is the ten thousands digit of 2605992662?
9
What is the ten thousands digit of 27670871?
7
What is the ten millions digit of 179348406?
7
What is the ten millions digit of 133486810?
3
What is the millions digit of 62368330?
2
What is the tens digit of 4203981?
8
What is the hundreds digit of 13420294?
2
What is the hundreds digit of 2440962789?
7
What is the thousands digit of 29738217?
8
What is the units digit of 581475947?
7
What is the hundreds digit of 10662265?
2
What is the units digit of 83931738?
8
What is the hundreds digit of 6221194?
1
What is the hundred thousands digit of 1252417940?
4
What is the hundred thousands digit of 17373662?
3
What is the hundred thousands digit of 423252219?
2
What is the ten millions digit of 1865086636?
6
What is the millions digit of 48446945?
8
What is the hundreds digit of 2043639211?
2
What is the tens digit of 671645340?
4
What is the tens digit of 125670562?
6
What is the ten thousands digit of 1446434120?
3
What is the billions digit of 2330244988?
2
What is the units digit of 360757399?
9
What is the hundreds digit of 738797605?
6
What is the hundreds digit of 46880798?
7
What is the thousands digit of 1145926063?
6
What is the thousands digit of 1385019121?
9
What is the thousands digit of 1222086065?
6
What is the units digit of 2640204235?
5
What is the millions digit of 3804700876?
4
What is the hundred millions digit of 2499374758?
4
What is the tens digit of 296040327?
2
What is the thousands digit of 78663775?
3
What is the billions digit of 2454270407?
2
What is the ten thousands digit of 45348806?
4
What is the thousands digit of 2511778563?
8
What is the hundred millions digit of 199807187?
1
What is the ten thousands digit of 4413621?
1
What is the ten millions digit of 1797511278?
9
What is the hundred thousands digit of 50760249?
7
What is the tens digit of 591743842?
4
What is the tens digit of 39226194?
9
What is the millions digit of 3554964924?
4
What is the units digit of 68074098?
8
What is the ten thousands digit of 77400706?
0
What is the millions digit of 266241627?
6
What is the hundreds digit of 2679961181?
1
What is the ten thousands digit of 290963774?
6
What is the hundreds digit of 2990411362?
3
What is the millions digit of 71547330?
1
What is the hundred millions digit of 107582881?
1
What is the tens digit of 728207316?
1
What is the billions digit of 4400343210?
4
What is the hundreds digit of 1753651117?
1
What is the ten millions digit of 222499835?
2
What is the ten millions digit of 48642055?
4
What is the millions digit of 643140072?
3
What is the hundreds digit of 228900155?
1
What is the ten millions digit of 70298649?
7
What is the millions digit of 2997879?
2
What is the ten millions digit of 62007921?
6
What is the millions digit of 68066041?
8
What is the thousands digit of 1377198759?
8
What is the ten millions digit of 2697798037?
9
What is the millions digit of 1863121588?
3
What is the thousands digit of 65305855?
5
What is the hundred millions digit of 3315630449?
3
What is the thousands digit of 544710280?
0
What is the ten millions digit of 241970727?
4
What is the hundred millions digit of 956236703?
9
What is the ten millions digit of 13957509?
1
What is the ten thousands digit of 6754570296?
7
What is the billions digit of 2145897463?
2
What is the hundred millions digit of 4080929754?
0
What is the units digit of 1546100700?
0
What is the ten millions digit of 95081682?
9
What is the hundreds digit of 904795055?
0
What is the hundred millions digit of 2319569034?
3
What is the ten thousands digit of 808192449?
9
What is the thousands digit of 4332051697?
1
What is the ten millions digit of 1364246767?
6
What is the millions digit of 17358822?
7
What is the units digit of 75898152?
2
What is the hundreds digit of 52317207?
